{"id":2804,"date":"2016-02-14T15:25:20","date_gmt":"2016-02-14T14:25:20","guid":{"rendered":"https:\/\/oneentrenamientopersonal.com\/?page_id=2804"},"modified":"2018-08-17T17:07:53","modified_gmt":"2018-08-17T15:07:53","slug":"strong-girls","status":"publish","type":"page","link":"https:\/\/stronggirlsacademy.com\/centro\/strong-girls\/","title":{"rendered":"ONE Strong Girls 2016"},"content":{"rendered":"<div id=\"pl-2804\" class=\"panel-layout\">\n<div id=\"pg-2804-0\" class=\"panel-grid panel-no-style\">\n<div id=\"pgc-2804-0-0\" class=\"panel-grid-cell\" data-weight=\"1\">\n<div id=\"panel-2804-0-0-0\" class=\"so-panel widget widget_black-studio-tinymce widget_black_studio_tinymce panel-first-child panel-last-child\" data-index=\"0\" data-style=\"{&quot;background_image_attachment&quot;:false,&quot;background_display&quot;:&quot;tile&quot;}\">\n<div class=\"textwidget\">\n<h3><img decoding=\"async\" loading=\"lazy\" class=\"aligncenter wp-image-4535\" src=\"https:\/\/stronggirlsacademy.com\/centro\/wp-content\/uploads\/2016\/02\/NataliaIMac.jpg\" alt=\"\" width=\"610\" height=\"407\" \/><\/h3>\n<h3>\u00a0Tu operaci\u00f3n bikini paso a paso<\/h3>\n<p style=\"text-align: justify;\">Te gusta hacer deporte, de hecho te consideras una persona informada que lee art\u00edculos sobre nutrici\u00f3n, ejercicios para tonificar gl\u00fateo, bajar cinturita, etc. Has hecho todo lo que pone en las revistas: clases de spining, m\u00e1quinas, etc pero se te escapa siempre el resultado de lograr estar a punto como a ti te gustar\u00eda.<\/p>\n<p style=\"text-align: justify;\">Todas las personas de tu alrededor dicen que est\u00e1s estupenda, que no necesitas bajar m\u00e1s de peso, pero t\u00fa sabes que podr\u00edas estar mejor y de hecho te encantar\u00eda sentirte as\u00ed. Aunque todav\u00eda no lo sientes.<\/p>\n<p style=\"text-align: justify;\">Tengo para ti un entrenamiento s\u00faper espec\u00edfico para tu caso particular. Voy a poner a tu disposici\u00f3n todos mis conocimientos para que lo consigas de forma estructurada y con sentido. <strong>\u00a1Tienes una campeona dentro de ti y todav\u00eda no lo sabes!<\/strong><\/p>\n<p style=\"text-align: justify;\">Si ese es tu caso, nuestros grupos de entrenamiento ONE Strong Girls es ideal para lograr tu objetivo. Me comprometo contigo a que llegas a verano con el cuerpo que quieres y adem\u00e1s entrenando con un grupo de chicas con tu mismo objetivo. He visto resultados espectaculares entrenando en grupo porque entre todas os v\u00e1is a animar y v\u00e1is a conseguir la motivaci\u00f3n necesaria para lograr lo que os propong\u00e1is y m\u00e1s&#8230;.mucho m\u00e1s.<\/p>\n<blockquote><p>Entrenar con \u00c1ngel es cada d\u00eda un subid\u00f3n. Se procupa mucho por nosotras y nos exige el m\u00e1ximo por que sabe que podemos lograrlo. Cuando alguna dice \u00abno puedo\u00bb, \u00c1ngel nos anima para dar ese puntito extra de esfuerzo que es el que marca la diferencia. Un lujo, la verdad. Ni dietas milagro, ni 2 clases de spinning seguidas&#8230; ONE Centro de Entrenamiento es la soluci\u00f3n. \u00a0<strong>Natalia Esteban<\/strong><\/p><\/blockquote>\n<p style=\"text-align: center;\">\u00bfTrabajamos para tu operaci\u00f3n bikini 2018? Solicita tu <strong>sesi\u00f3n de prueba sin compromiso <\/strong>y destruye esos\u00a0kilos de m\u00e1s.<\/p>\n<p style=\"text-align: center;\">[maxbutton id=\u00bb1&#8243; url=\u00bbmailto:angel@oneentrenamientopersonal.com?subject=Quiero%20informaci\u00f3n%20sobre%20ONE%20Strong%20Girls\u00bb text=\u00bbSolicita Informaci\u00f3n AQU\u00cd\u00bb ]<\/p>\n<p>&nbsp;<\/p>\n<\/div>\n<\/div>\n<\/div>\n<\/div>\n<\/div>\n","protected":false},"excerpt":{"rendered":"<p>\u00a0Tu operaci\u00f3n bikini paso a paso Te gusta hacer deporte, de hecho te consideras una persona informada que lee art\u00edculos sobre nutrici\u00f3n, ejercicios para tonificar gl\u00fateo, bajar cinturita, etc. Has hecho todo lo que pone en las revistas: clases de spining, m\u00e1quinas, etc pero se te escapa siempre el resultado de lograr estar a punto [&hellip;]<\/p>\n","protected":false},"author":81,"featured_media":0,"parent":0,"menu_order":0,"comment_status":"closed","ping_status":"closed","template":"template-fullwidth.php","meta":{"_genesis_hide_title":false,"_genesis_hide_breadcrumbs":false,"_genesis_hide_singular_image":false,"_genesis_hide_footer_widgets":false,"_genesis_custom_body_class":"","_genesis_custom_post_class":"","_genesis_layout":"","_joinchat":[]},"yoast_head":"<!-- This site is optimized with the Yoast SEO plugin v21.8 - https:\/\/yoast.com\/wordpress\/plugins\/seo\/ -->\n<title>ONE Strong Girls 2016 - Strong Girls Academy<\/title>\n<meta name=\"robots\" content=\"index, follow, max-snippet:-1, max-image-preview:large, max-video-preview:-1\" \/>\n<link rel=\"canonical\" href=\"https:\/\/stronggirlsacademy.com\/centro\/strong-girls\/\" \/>\n<meta property=\"og:locale\" content=\"es_ES\" \/>\n<meta property=\"og:type\" content=\"article\" \/>\n<meta property=\"og:title\" content=\"ONE Strong Girls 2016 - Strong Girls Academy\" \/>\n<meta property=\"og:description\" content=\"\u00a0Tu operaci\u00f3n bikini paso a paso Te gusta hacer deporte, de hecho te consideras una persona informada que lee art\u00edculos sobre nutrici\u00f3n, ejercicios para tonificar gl\u00fateo, bajar cinturita, etc. Has hecho todo lo que pone en las revistas: clases de spining, m\u00e1quinas, etc pero se te escapa siempre el resultado de lograr estar a punto [&hellip;]\" \/>\n<meta property=\"og:url\" content=\"https:\/\/stronggirlsacademy.com\/centro\/strong-girls\/\" \/>\n<meta property=\"og:site_name\" content=\"Strong Girls Academy\" \/>\n<meta property=\"article:modified_time\" content=\"2018-08-17T15:07:53+00:00\" \/>\n<meta property=\"og:image\" content=\"https:\/\/stronggirlsacademy.com\/centro\/wp-content\/uploads\/2016\/02\/NataliaIMac.jpg\" \/>\n<meta name=\"twitter:card\" content=\"summary_large_image\" \/>\n<meta name=\"twitter:label1\" content=\"Tiempo de lectura\" \/>\n\t<meta name=\"twitter:data1\" content=\"2 minutos\" \/>\n<script type=\"application\/ld+json\" class=\"yoast-schema-graph\">{\"@context\":\"https:\/\/schema.org\",\"@graph\":[{\"@type\":\"WebPage\",\"@id\":\"https:\/\/stronggirlsacademy.com\/centro\/strong-girls\/\",\"url\":\"https:\/\/stronggirlsacademy.com\/centro\/strong-girls\/\",\"name\":\"ONE Strong Girls 2016 - Strong Girls Academy\",\"isPartOf\":{\"@id\":\"https:\/\/stronggirlsacademy.com\/centro\/#website\"},\"datePublished\":\"2016-02-14T14:25:20+00:00\",\"dateModified\":\"2018-08-17T15:07:53+00:00\",\"breadcrumb\":{\"@id\":\"https:\/\/stronggirlsacademy.com\/centro\/strong-girls\/#breadcrumb\"},\"inLanguage\":\"es\",\"potentialAction\":[{\"@type\":\"ReadAction\",\"target\":[\"https:\/\/stronggirlsacademy.com\/centro\/strong-girls\/\"]}]},{\"@type\":\"BreadcrumbList\",\"@id\":\"https:\/\/stronggirlsacademy.com\/centro\/strong-girls\/#breadcrumb\",\"itemListElement\":[{\"@type\":\"ListItem\",\"position\":1,\"name\":\"Portada\",\"item\":\"https:\/\/stronggirlsacademy.com\/centro\/\"},{\"@type\":\"ListItem\",\"position\":2,\"name\":\"ONE Strong Girls 2016\"}]},{\"@type\":\"WebSite\",\"@id\":\"https:\/\/stronggirlsacademy.com\/centro\/#website\",\"url\":\"https:\/\/stronggirlsacademy.com\/centro\/\",\"name\":\"Strong Girls Academy\",\"description\":\"\",\"publisher\":{\"@id\":\"https:\/\/stronggirlsacademy.com\/centro\/#organization\"},\"potentialAction\":[{\"@type\":\"SearchAction\",\"target\":{\"@type\":\"EntryPoint\",\"urlTemplate\":\"https:\/\/stronggirlsacademy.com\/centro\/?s={search_term_string}\"},\"query-input\":\"required name=search_term_string\"}],\"inLanguage\":\"es\"},{\"@type\":\"Organization\",\"@id\":\"https:\/\/stronggirlsacademy.com\/centro\/#organization\",\"name\":\"Strong Girls Academy\",\"url\":\"https:\/\/stronggirlsacademy.com\/centro\/\",\"logo\":{\"@type\":\"ImageObject\",\"inLanguage\":\"es\",\"@id\":\"https:\/\/stronggirlsacademy.com\/centro\/#\/schema\/logo\/image\/\",\"url\":\"https:\/\/stronggirlsacademy.com\/centro\/wp-content\/uploads\/2021\/12\/cropped-4-Strong-Girls-Academy-nt-grande-1.png\",\"contentUrl\":\"https:\/\/stronggirlsacademy.com\/centro\/wp-content\/uploads\/2021\/12\/cropped-4-Strong-Girls-Academy-nt-grande-1.png\",\"width\":2084,\"height\":497,\"caption\":\"Strong Girls Academy\"},\"image\":{\"@id\":\"https:\/\/stronggirlsacademy.com\/centro\/#\/schema\/logo\/image\/\"}}]}<\/script>\n<!-- \/ Yoast SEO plugin. -->","yoast_head_json":{"title":"ONE Strong Girls 2016 - Strong Girls Academy","robots":{"index":"index","follow":"follow","max-snippet":"max-snippet:-1","max-image-preview":"max-image-preview:large","max-video-preview":"max-video-preview:-1"},"canonical":"https:\/\/stronggirlsacademy.com\/centro\/strong-girls\/","og_locale":"es_ES","og_type":"article","og_title":"ONE Strong Girls 2016 - Strong Girls Academy","og_description":"\u00a0Tu operaci\u00f3n bikini paso a paso Te gusta hacer deporte, de hecho te consideras una persona informada que lee art\u00edculos sobre nutrici\u00f3n, ejercicios para tonificar gl\u00fateo, bajar cinturita, etc. Has hecho todo lo que pone en las revistas: clases de spining, m\u00e1quinas, etc pero se te escapa siempre el resultado de lograr estar a punto [&hellip;]","og_url":"https:\/\/stronggirlsacademy.com\/centro\/strong-girls\/","og_site_name":"Strong Girls Academy","article_modified_time":"2018-08-17T15:07:53+00:00","og_image":[{"url":"https:\/\/stronggirlsacademy.com\/centro\/wp-content\/uploads\/2016\/02\/NataliaIMac.jpg"}],"twitter_card":"summary_large_image","twitter_misc":{"Tiempo de lectura":"2 minutos"},"schema":{"@context":"https:\/\/schema.org","@graph":[{"@type":"WebPage","@id":"https:\/\/stronggirlsacademy.com\/centro\/strong-girls\/","url":"https:\/\/stronggirlsacademy.com\/centro\/strong-girls\/","name":"ONE Strong Girls 2016 - Strong Girls Academy","isPartOf":{"@id":"https:\/\/stronggirlsacademy.com\/centro\/#website"},"datePublished":"2016-02-14T14:25:20+00:00","dateModified":"2018-08-17T15:07:53+00:00","breadcrumb":{"@id":"https:\/\/stronggirlsacademy.com\/centro\/strong-girls\/#breadcrumb"},"inLanguage":"es","potentialAction":[{"@type":"ReadAction","target":["https:\/\/stronggirlsacademy.com\/centro\/strong-girls\/"]}]},{"@type":"BreadcrumbList","@id":"https:\/\/stronggirlsacademy.com\/centro\/strong-girls\/#breadcrumb","itemListElement":[{"@type":"ListItem","position":1,"name":"Portada","item":"https:\/\/stronggirlsacademy.com\/centro\/"},{"@type":"ListItem","position":2,"name":"ONE Strong Girls 2016"}]},{"@type":"WebSite","@id":"https:\/\/stronggirlsacademy.com\/centro\/#website","url":"https:\/\/stronggirlsacademy.com\/centro\/","name":"Strong Girls Academy","description":"","publisher":{"@id":"https:\/\/stronggirlsacademy.com\/centro\/#organization"},"potentialAction":[{"@type":"SearchAction","target":{"@type":"EntryPoint","urlTemplate":"https:\/\/stronggirlsacademy.com\/centro\/?s={search_term_string}"},"query-input":"required name=search_term_string"}],"inLanguage":"es"},{"@type":"Organization","@id":"https:\/\/stronggirlsacademy.com\/centro\/#organization","name":"Strong Girls Academy","url":"https:\/\/stronggirlsacademy.com\/centro\/","logo":{"@type":"ImageObject","inLanguage":"es","@id":"https:\/\/stronggirlsacademy.com\/centro\/#\/schema\/logo\/image\/","url":"https:\/\/stronggirlsacademy.com\/centro\/wp-content\/uploads\/2021\/12\/cropped-4-Strong-Girls-Academy-nt-grande-1.png","contentUrl":"https:\/\/stronggirlsacademy.com\/centro\/wp-content\/uploads\/2021\/12\/cropped-4-Strong-Girls-Academy-nt-grande-1.png","width":2084,"height":497,"caption":"Strong Girls Academy"},"image":{"@id":"https:\/\/stronggirlsacademy.com\/centro\/#\/schema\/logo\/image\/"}}]}},"_links":{"self":[{"href":"https:\/\/stronggirlsacademy.com\/centro\/wp-json\/wp\/v2\/pages\/2804"}],"collection":[{"href":"https:\/\/stronggirlsacademy.com\/centro\/wp-json\/wp\/v2\/pages"}],"about":[{"href":"https:\/\/stronggirlsacademy.com\/centro\/wp-json\/wp\/v2\/types\/page"}],"author":[{"embeddable":true,"href":"https:\/\/stronggirlsacademy.com\/centro\/wp-json\/wp\/v2\/users\/81"}],"replies":[{"embeddable":true,"href":"https:\/\/stronggirlsacademy.com\/centro\/wp-json\/wp\/v2\/comments?post=2804"}],"version-history":[{"count":0,"href":"https:\/\/stronggirlsacademy.com\/centro\/wp-json\/wp\/v2\/pages\/2804\/revisions"}],"wp:attachment":[{"href":"https:\/\/stronggirlsacademy.com\/centro\/wp-json\/wp\/v2\/media?parent=2804"}],"curies":[{"name":"wp","href":"https:\/\/api.w.org\/{rel}","templated":true}]}}